 and r?
15
Suppose 3*p = 183 - 153. Let k be 2 + ((-6)/(-2) - 1). What is the greatest common divisor of p and k?
2
Let l = -415 + 529. Calculate the highest common factor of l and 12.
6
Suppose -8*d + 11*d - 150 = 0. Let l be 1 + ((-7)/(-1) - -2). What is the greatest common divisor of l and d?
10
Let o = 93 - 53. Let i = 116 - o. What is the highest common factor of 38 and i?
38
Let f = 118 - -54. What is the greatest common divisor of 946 and f?
86
Suppose -11*u + 34*u = 460. Calculate the greatest common factor of 140 and u.
20
Suppose 0 = 4*a + r - 7 - 2, 2*a - 3 = -r. Suppose 0 = -2*q - a*t + 433, -262 = 2*q + 5*t - 685. What is the greatest common divisor of 28 and q?
28
Let x be 270 - ((-12)/(-4) - 8). Calculate the highest common factor of x and 22.
11
Let r = 129 + -126. Suppose 110 = 4*b + b. Suppose -4*x = 2*a - b, 3*a - r*x = x + 23. Calculate the greatest common factor of 99 and a.
9
Suppose 0 = 1084*n - 1082*n - 36. What is the greatest common divisor of 174 and n?
6
Let v(l) = 2*l**2 + 69*l - 13. Let d be v(-35). What is the highest common factor of 209 and d?
11
Let v be 836/(-8)*(-8 + 4). What is the highest common factor of v and 66?
22
Let r be ((18/(-7))/(3/(-21)))/1. What is the highest common factor of r and 12?
6
Suppose -49*r = -70*r + 777. What is the highest common factor of r and 37?
37
Suppose -396 = -27*f + 16*f. What is the greatest common divisor of f and 12?
12
Let l be -4 + 8 + 1 + -2. Suppose -5*j = -17 - l. Suppose 35 = b + j*b. Calculate the highest common factor of b and 1.
1
Suppose -5*r - 3*f = -5*f - 189, 30 = r - 3*f. Suppose 5*k - r = -24. What is the greatest common factor of k and 27?
3
Suppose i - 2 = -0. Suppose -i*j = 5*f - 27, -f = -2*j + f + 34. Let u = 25 - -7. Calculate the highest common factor of j and u.
16
Suppose 0 = -5*t - 3*n - 0*n + 758, -5*t + 782 = -3*n. Let h = -2514 + 2536. Calculate the highest common factor of h and t.
22
Let s(t) = -812 - 13*t - t**3 + 851 - 18*t**2 - 2*t. Let g be s(-17). Let v be (-33)/(-2)*10/3. Calculate the greatest common factor of g and v.
5
Let m(n) be the second derivative of n**4/12 + 7*n**3/6 - 3*n**2 - 2*n. Let p be 16/(-2)*2/2. Let r be m(p). What is the highest common divisor of 20 and r?
2
Suppose -19 - 11 = -t. Suppose -5*y - v = -y - 21, 0 = 2*v - 2. Let f = 5 + y. What is the highest common factor of t and f?
10
Suppose -72*m - 126 = -79*m. Calculate the greatest common factor of 30 and m.
6
Let v(j) = 2*j**2 + 81*j - 545. Let i be v(7). Calculate the highest common factor of 1140 and i.
60
Let j(i) = -i**3 - 10*i**2 - 10*i + 39. Let o be j(-9). Calculate the greatest common factor of o and 120.
24
Suppose 0 = 117*p - 111*p - 24. What is the greatest common divisor of 32 and p?
4
Suppose 57 = 4*a - b, 2*b = -b - 15. Let q = 16 - a. Let v be ((-50)/3)/((-2)/q). Calculate the highest common divisor of v and 225.
25
Let b = -4 - -2. Let a be b/13 - (-249)/13. Let p = a + -13. Calculate the highest common divisor of p and 66.
6
Suppose 11*x - 960 = 657. What is the greatest common divisor of 245 and x?
49
Let j be 60/(-14)*5/(60/(-56)). Calculate the highest common factor of j and 350.
10
Let d(a) = a**2 + a + 20. Let y be d(-16). Suppose -y = -4*l - 92. Suppose 0 = -4*o + l + 66. Calculate the highest common divisor of 3 and o.
3
Let v be 20/(-12)*-3 + (1 - 0). Let y be (3 - 7)*99/(-6). Calculate the highest common divisor of y and v.
6
Suppose 2*a + 554*z - 114 = 550*z, -2*a + 126 = z. Calculate the greatest common factor of a and 1040.
65
Suppose 0 = 5*i - j - 735, -735 = -8*i + 3*i + 4*j. Let k be (-1)/(((-3)/(-6))/1). Let m be (2 - 23)*(1 + k). What is the greatest common divisor of m and i?
21
Let b = 0 - 4. Let y be (3/9)/(b/(-5556)). Suppose -4*r = k - y, -2*k - 109 = 3*r - 4*r. What is the highest common divisor of 46 and r?
23
Suppose 2*q + 32 = 6*q. Let v = -30 + 32. Suppose 4*l = -4*a + 6*a + 130, v*l = -2*a + 62. Calculate the highest common factor of l and q.
8
Suppose -5*g = 5*j - 6*j - 136, -3*g + 85 = -4*j. Let i(b) = b - 6. Let p be i(7). Let f be 6/(3/p) + 7. What is the greatest common factor of g and f?
9
Let r be 3/(-3) + -11 + -1. Let a be (r - -47) + 3/(-1). Let x = a + -26. What is the highest common factor of 40 and x?
5
Let h = -695 + 1071. Calculate the greatest common divisor of h and 141.
47
Suppose 31*y = 22*y + 2079. Let r be 19 + 1 + 2 + -1. Calculate the greatest common factor of r and y.
21
Let m be (74/(-4))/(2*1/(-8)). Calculate the greatest common divisor of m and 1184.
74
Let r be -2 + 2 - (-229)/1. Suppose 299 = 6*t - r. Calculate the greatest common divisor of t and 11.
11
Let q = 11 - -25. Suppose 0 = j + 3*n - 9, 0 = -5*j + 3*n + 135. Calculate the greatest common divisor of q and j.
12
Let h(t) = t**2 - 39*t + 36. Let m be h(40). Calculate the greatest common divisor of m and 836.
76
Let o(c) be the second derivative of -c**4/12 + 4*c**3/3 + 3*c**2 + 13*c. Let m be o(7). What is the greatest common divisor of m and 117?
13
Let g = 2 + 4. Let b(o) = 3 + g*o**2 - o - 3 - 5*o**2. Let t be b(4). Calculate the highest common factor of 48 and t.
12
Let m = -78 - -209. Let o = m - 111. What is the highest common divisor of 16 and o?
4
Let n(t) = -8 - 21 + 0 + 3*t + 4. Let q be n(17). What is the highest common divisor of 2 and q?
2
Let t(p) = -10*p - 5*p + 4*p**2 + 4*p + 12 - 2*p**2. Let a be t(6). Suppose -42 + a = -2*d. What is the highest common factor of d and 3?
3
Let a(d) = 4*d - 2. Let w be a(-2). Let j be (-5)/w - 252/(-8). What is the greatest common factor of j and 64?
32
Suppose 0*l + l = h + 19, 0 = -3*l - h + 69. Suppose g + 6*u - 67 = 9*u, 0 = 3*g + 3*u - 153. What is the highest common factor of l and g?
11
Let o be 10 - ((-12)/9 - -3)*-3. What is the greatest common divisor of 20 and o?
5
Suppose 5*m - 991 = -236. Let g = m + -10. Let h be (-1)/(-2)*4 + g. Calculate the highest common factor of 13 and h.
13
Let t(p) = 2*p. Let i be t(5). Let l be 6/6 + 4 + 0. Suppose -3*m = q - 332, 3*m = -l*q - 157 + 497. What is the highest common factor of m and i?
10
Let u(r) = r**2 - 6*r + 6. Let y be u(6). Let i = -15 - -22. Suppose -i*n + 50 = -55. What is the highest common factor of y and n?
3
Let k = 11 - 15. Let m = 48 + k. Suppose -11*d + 12*d - 4 = 0. Calculate the highest common divisor of m and d.
4
Let r = -22 - -294. Calculate the highest common divisor of 16 and r.
16
Let m = -4 - -8. Suppose -6*c = -1 - 17. Suppose -c*z + 65 = r, -2*r - 2*r + 100 = 4*z. Calculate the greatest common divisor of z and m.
4
Suppose -2*f + 5*f = -3*s + 1035, 0 = f - 5*s - 375. Let g = 497 - f. Calculate the highest common factor of g and 21.
21
Let o = -16 - -9. Let t = o + 20. Let x be (-3)/(-4) - 404/(-16). Calculate the highest common factor of t and x.
13
Let r = 473 - -774. Let y = r + -879. Calculate the greatest common divisor of y and 46.
46
Let x be (-18)/6 + -2 + 27. What is the greatest common factor of x and 374?
22
Suppose 85*l + 1920 = 87*l. What is the greatest common factor of 30 and l?
30
Let w(i) = i - 4. Let m be w(6). Suppose -314 - 796 = -5*n + 5*v, m*n - 447 = v. Calculate the highest common factor of 25 and n.
25
Let m(f) = -29*f + 70. Let x be m(-7). Calculate the greatest common divisor of 21 and x.
21
Let q be (-638)/(-8) + 1/4. Let l be 2 + 485/(-2) - 6/4. Let z be (-2)/(-11) + (-2376)/l. Calculate the highest common divisor of z and q.
10
Let r(b) = b**2 + 10*b + 21. Let c be r(-11). Suppose -c = -x - 12. What is the greatest common divisor of x and 160?
20
Suppose -c = -4*c + 9. Suppose -4 + c = 3*x + 2*p, 20 = 5*x - p. Suppose 2*v - x*v + 69 = 0. What is the highest common factor of v and 23?
23
Suppose -6 = 75*f - 77*f. Calculate the greatest common factor of 27 and f.
3
Let c be ((-32)/(-12))/(-4)*981/(-2). Calculate the highest common divisor of c and 436.
109
Suppose -4*v = v - 10. Let d be (-1)/3 - 39/(-9). Suppose -v*w + d*w = n - 8, 45 = 5*n - 5*w. Calculate the highest common factor of 110 and n.
10
Let q = -34 + 298. What is the greatest common divisor of 48 and q?
24
Suppose -9*d + 679 = -185. Let z = -3 - -11. Calculate the highest common divisor of z and d.
8
Let w = 235 + -107. Calculate the greatest common factor of 608 and w.
32
Suppose -3*b + 4*l + 29 = -l, 11 = 5